14. Suppose 4*i - 192 = 4*x, -4*i + r = -0*i + 3*x. Calculate the remainder when 202 is divided by i.
49
Suppose 3*x + 16*q - 321 = 19*q, x = 4*q + 122. Suppose -u + h = -0*u - 81, -327 = -4*u + 5*h. Let m = u - 51. What is the remainder when x is divided by m?
21
Let w = -18622 - -18810. Calculate the remainder when w is divided by 12.
8
Suppose -2*b + 8367 = -3*t, 3*b - 12557 = 12*t - 14*t. Calculate the remainder when b is divided by 14.
13
Suppose 0 = 4*q + 112 - 192. Suppose 3*i + 52 = 7*i + 2*w, 2*i = -5*w + 34. What is the remainder when q is divided by i?
8
Suppose 5*t + 1465 = 5*w, -1113 = -3*w - 2*t - 264. Calculate the remainder when 450 is divided by w.
163
Let b = 7194 + -6948. Calculate the remainder when b is divided by 101.
44
Let u = 8558 - 8026. What is the remainder when u is divided by 135?
127
Let r(u) = -2*u + 34*u**2 + 29*u**2 - 7 - 62*u**2. Let k be r(-5). Suppose -k - 875 = -7*c. Calculate the remainder when c is divided by 26.
25
Let w(q) = 10*q**2 - 384*q - 1147. Calculate the remainder when 3320 is divided by w(-3).
90
Suppose 4*b + 2*q = -b + 944, b + 4*q = 196. What is the remainder when b is divided by 23?
4
Suppose 0 = -2*x - 3*o - 84, -6*x + 210 = -11*x - 3*o. What is the remainder when 593 is divided by 5/(-2)*x/105*35?
33
Let n(k) = -2*k - 41. Suppose 0*p = -7*p - 161. Let b be n(p). Suppose j = -5*c + 17, 2*j = -3*j + b*c + 205. Calculate the remainder when j is divided by 9.
1
Let o = 199 - -446. Let a = -441 + o. Calculate the remainder when a is divided by 41.
40
Let w be (-1 - (0 - 1)) + -5. Let x = 8 + w. Suppose 212*p + 4517 - 9714 = -93*p + 4868. What is the remainder when p is divided by x?
0
Let g be ((-24)/(-10) + 0)/((-48)/(-120)). What is the remainder when 73 is divided by (-2 + 2 + g)/((-3)/(-9))?
1
Suppose 194770*j - 375 = 194745*j. Let k = 39 - -78. What is the remainder when k is divided by j?
12
Let d(v) = -v**2 - 3*v - 2. Let b be d(-2). Let s(z) = -32*z + 802. Let t be s(25). Suppose b = t*r - 56 + 20. What is the remainder when 35 is divided by r?
17
Let l(a) = -2*a**3 - 10*a**2 + 4*a + 27. Let m be l(-7). Suppose 6*t + 69 - m = 0. Calculate the remainder when 29 is divided by t.
8
Let x be ((-1492)/(-28) - -1)/((-12)/(-42)). Suppose -2*y = -218 + x. What is the remainder when 23 is divided by y?
9
Calculate the remainder when (-538)/(-8) + (-49)/147*(-9)/(-12) is divided by 4.
3
Let a(t) = 9*t - 16. Let o be a(3). Suppose -17 = -o*s + 49. Suppose -4*l + 31 = -53. Calculate the remainder when l is divided by s.
3
Let r(g) = g + 44. Let n be r(10). Let x = n - -2. Let i(y) = 19*y**2 - y - 2. What is the remainder when i(3) is divided by x?
54
Calculate the remainder when 1560 is divided by (11 - (-7)/(28/(-24))) + -1 + 30.
30
Suppose -3*g - s + 1812 = 0, -2*g + g + 604 = -3*s. Suppose g - 52 = 6*d. Calculate the remainder when d is divided by 48.
44
Calculate the remainder when 97 is divided by -722 + 746 - (-10)/(-4)*-2.
10
Suppose 30 = -12*w + 15*w. Suppose -w*l + 6 = -9*l. Let b = 2 + 13. Calculate the remainder when b is divided by l.
3
Let c = 2387 + -2359. Calculate the remainder when c is divided by 3.
1
Let g be 4/6 + 25/3. Suppose g = j - 4. Let y = -174781 - -174784. Calculate the remainder when j is divided by y.
1
Suppose 2275 = -58*b + 19616 + 5163. What is the remainder when b is divided by 65?
63
Suppose m = -0*m + 4*h + 49, 0 = 5*m + 5*h - 145. Suppose m - 10 = j - 4*d, 4*j - d = 107. Calculate the remainder when j is divided by 4.
3
What is the remainder when 362 + -3 + 1 + (-96)/(-24) is divided by 122?
120
Let l(r) be the second derivative of -r**3/6 + 7*r**2 + 78*r. Calculate the remainder when 267 is divided by l(-1).
12
Let z(h) = 93*h**2 + 64*h + 137. Calculate the remainder when z(10) is divided by 12.
9
Let h be 274110/55 + 5 + (-106)/22. Suppose 27*y + y = h. Calculate the remainder when y is divided by 61.
56
Let p(g) = 66*g - 716. What is the remainder when p(13) is divided by 129?
13
Let l(w) = w**2 - 23*w + 151. Let k(i) = -i + 6. Calculate the remainder when l(18) is divided by k(-15).
19
Let r(q) = -3*q + 13. Let g be r(2). Let c be (6 + -4)/(-1)*g/(-2). Let x(j) = 8*j - 15. Calculate the remainder when x(c) is divided by 11.
8
What is the remainder when 24371 is divided by 21 + -9*20/60?
17
Let t = 43755 - 42603. Calculate the remainder when t is divided by 162.
18
Suppose -58 = -5*m + 182. Let v = 279 - 284. Let q(p) = -p**2 - 20*p - 58. What is the remainder when m is divided by q(v)?
14
Suppose -2*v - 206 = -4*s, 5*s - 167 = 4*v + 98. Suppose 1830 = -39*b + s*b. What is the remainder when b is divided by 47?
42
Let y(o) = -16*o**3 + 11*o**2 + 3*o - 30. Let l be y(5). What is the remainder when ((-6)/5)/(18/l) is divided by 38?
2
Let j(v) = -369*v + 2677. Calculate the remainder when 17481 is divided by j(7).
91
Let z(g) = 4*g + 70. Suppose 6*p - 3 = -75. What is the remainder when 61 is divided by z(p)?
17
Let m = 54 + -8. What is the remainder when m is divided by (-2*6)/6*-12?
22
Suppose 11*y = -13*y + 34704. Suppose 0 = 22*p - y - 248. Calculate the remainder when p is divided by 20.
17
Let t = 3779 - 3600. What is the remainder when t is divided by 80?
19
Suppose -n = -2*n + 16. Calculate the remainder when ((-10220)/(-350))/((-4)/(-10)) is divided by n.
9
Let d(z) = 57*z - 3888. Calculate the remainder when 691 is divided by d(69).
16
Suppose 0*x - 5*x - w + 254 = 0, 58 = x + 2*w. Calculate the remainder when 15/2*(-756)/(-35) is divided by x.
12
Let x = -107 - -156. Suppose -46 = -5*f + x. Suppose f*l - 23*l = -416. Calculate the remainder when l is divided by 18.
14
Let b be 9/((-54)/30) + 4. What is the remainder when 61 is divided by (b - -18) + (-1 - 5)?
6
Suppose 370*d - 624 = 367*d. Let f = d - 94. What is the remainder when f is divided by 24?
18
Suppose -1168 - 1784 = -18*w. Let p = -62 + w. What is the remainder when p is divided by 36?
30
Suppose v = -0*v - 8. Suppose -3*k - 17 = j, -5*j + 2*j = 3*k + 21. What is the remainder when 41 is divided by ((-2)/(-4))/(j/(11*v))?
19
Let i(n) = -504*n + 34873. Suppose q - 3*q = -5*j + 258, 211 = 4*j + 3*q. Calculate the remainder when i(69) is divided by j.
45
Let l be 4 + (-1 - 1) + 1. Let x be (3 - l) + 1 + 2. What is the remainder when (-226 + 2)/(-4) - (x + 0) is divided by 9?
8
Suppose 2*x - 3*g = 159, -2*x + 5*x = -3*g + 216. Let i(v) = -75*v - 14298. What is the remainder when x is divided by i(-191)?
21
Let t = -164 + 174. What is the remainder when (-586)/(-7) + (-14)/(-49) is divided by t?
4
Let k be ((-329)/14)/(1/(-10)). Let x be (-1290)/(-8) - 4/16. Let y = k - x. Calculate the remainder when y is divided by 25.
24
Let o(y) = -4 - 1 - 1 + 7*y - 10 + y**2. Suppose 0*h - 774 = -6*h. Calculate the remainder when h is divided by o(-12).
41
Suppose 182*u + 50400 = 272*u. Calculate the remainder when u is divided by 7.
0
Let p = -520 - -520. Let a(h) = -12*h + 75. Calculate the remainder when a(p) is divided by 38.
37
Let j = -21845 + 21882. Calculate the remainder when 751 is divided by j.
11
Let v = 1219 - 1020. Calculate the remainder when v is divided by 120.
79
Suppose 2*w - 108*v = -107*v + 2643, 0 = 11*w + 4*v - 14470. Calculate the remainder when w is divided by 214.
34
Suppose -2*t + 27 - 115 = 0. Let r = t + 42. Calculate the remainder when 12 + r - (0 + 3/3) is divided by 2.
1
Suppose -3*z - 3*z + 9*z = 426. Calculate the remainder when z is divided by 25.
17
Let g be (1704/(-497))/(8/(-42)). Suppose 30*x = g*x + 792. Calculate the remainder when x is divided by 10.
6
Let k = -14588 - -15191. Calculate the remainder when k is divided by 58.
23
Suppose 0 = -2*i - h + 2194, 2*h - 7*h = -i + 1075. Suppose 0 = 12*q - i - 957. What is the remainder when q is divided by 58?
55
Let r = 20 - -11. Let u(v) = 5*v + 48. Let h be u(-9). Suppose 4*m = -3*p + r, -2*m - p = -h - 10. What is the remainder when 11 is divided by m?
3
Suppose 9*z = 6*z + 1572. Let m = z + -458. What is the remainder when 197 is divided by m?
65
Suppose 534*o - 531*o + 4*n = 69, 90 = 3*o - 3*n. Calculate the remainder when 2022 is divided by o.
24
Let s be 3132/(-3)*-1*(-15)/(-20). Calculate the remainder when 58 is divided by s/72 + (-4)/(-32).
3
Let b(n) = -n**3 + 36*n**2 + 77*n - 29. Let i be b(38). Suppose